test common factor of 32 and 196569840?
16
Calculate the highest common factor of 16399193 and 141.
47
Calculate the highest common divisor of 19548 and 1131612.
2172
Calculate the greatest common divisor of 13528 and 21926.
38
What is the highest common divisor of 495604 and 88964?
92
What is the greatest common divisor of 240200228 and 293?
293
What is the highest common factor of 953327 and 1444561?
4163
Calculate the greatest common divisor of 20902 and 13111.
7
Calculate the greatest common divisor of 2976 and 95169072.
48
What is the greatest common divisor of 24026728 and 6292?
484
What is the highest common factor of 496738 and 16513?
337
What is the highest common divisor of 1276 and 328108?
44
What is the greatest common divisor of 25780698 and 148032?
4626
Calculate the greatest common factor of 8964405 and 2565.
135
Calculate the greatest common factor of 27284 and 1022791.
359
Calculate the greatest common divisor of 81408 and 155301024.
5088
Calculate the highest common factor of 283793472 and 8077.
8077
What is the greatest common divisor of 174661 and 12313825?
449
What is the highest common divisor of 487892703 and 237?
237
Calculate the highest common divisor of 3462 and 295857327.
1731
What is the greatest common factor of 19294496 and 416?
416
What is the greatest common factor of 2711520 and 18144?
2016
Calculate the highest common factor of 726 and 131818247.
121
What is the highest common factor of 29993059 and 43?
43
Calculate the greatest common divisor of 1768598 and 12610.
26
Calculate the greatest common divisor of 440713704 and 48.
24
Calculate the highest common factor of 8032725 and 3705.
285
What is the highest common factor of 1224 and 8489808?
72
Calculate the highest common factor of 402 and 108023698.
134
What is the highest common factor of 104 and 11181482?
26
What is the highest common factor of 8443206 and 402?
402
What is the greatest common divisor of 1155 and 891342760?
385
Calculate the greatest common factor of 585 and 158010723.
117
Calculate the highest common divisor of 105780 and 26008980.
2580
What is the highest common factor of 397710 and 12960?
810
What is the highest common divisor of 1175224 and 256?
8
Calculate the greatest common factor of 108054 and 426006.
1242
What is the greatest common factor of 9752260 and 4510?
410
Calculate the greatest common divisor of 3240 and 26804520.
3240
Calculate the highest common factor of 268 and 139232164.
268
What is the greatest common factor of 12 and 335821032?
12
What is the greatest common divisor of 18630 and 169754490?
2070
What is the greatest common factor of 4540559 and 55506?
841
Calculate the greatest common factor of 17542 and 86636.
358
What is the highest common factor of 25920 and 45495?
135
Calculate the highest common factor of 3 and 1676343.
3
Calculate the greatest common divisor of 3478600 and 2600.
200
What is the greatest common divisor of 117 and 8756469?
9
Calculate the greatest common divisor of 10809832 and 176.
88
Calculate the highest common factor of 27522960 and 80.
80
What is the greatest common factor of 15706935 and 360?
45
What is the highest common factor of 12121460 and 546?
26
Calculate the greatest common divisor of 17857041 and 268.
67
Calculate the highest common divisor of 7138 and 846019.
83
What is the greatest common factor of 3800 and 2107784?
152
What is the highest common factor of 63 and 53702754?
21
What is the highest common divisor of 480695 and 972745?
3785
What is the highest common divisor of 11 and 1013717903?
11
What is the greatest common factor of 24378 and 80427?
51
What is the greatest common factor of 1605 and 202849851?
321
Calculate the highest common divisor of 578 and 267962823.
289
Calculate the highest common factor of 21388326 and 779600.
3898
What is the highest common factor of 585 and 6019195?
65
What is the greatest common factor of 29750 and 8055250?
1750
Calculate the highest common divisor of 248 and 390092716.
124
Calculate the highest common factor of 324414 and 1375443.
603
Calculate the greatest common factor of 1104 and 59008248.
552
What is the highest common factor of 769 and 13629?
1
What is the greatest common divisor of 3010 and 6214360?
430
What is the highest common divisor of 14393 and 17538?
37
What is the greatest common divisor of 15881248 and 32?
32
What is the highest common divisor of 41958653 and 11?
11
What is the greatest common divisor of 43 and 2972461?
43
What is the highest common divisor of 3728 and 34788298?
466
What is the greatest common factor of 4275170 and 80?
10
Calculate the highest common factor of 57152 and 372663.
47
What is the greatest common factor of 45124 and 668?
4
Calculate the highest common divisor of 879925 and 286700.
1525
What is the greatest common factor of 12222 and 11399634?
1746
Calculate the highest common factor of 150996660 and 1860.
1860
Calculate the greatest common factor of 2945697 and 56856.
309
Calculate the highest common factor of 1298 and 41869586.
1298
What is the highest common factor of 33589817 and 1402?
701
What is the highest common factor of 61992 and 535829?
287
Calculate the greatest common factor of 24649 and 3165277.
157
Calculate the highest common factor of 690 and 3522565.
115
Calculate the highest common factor of 290016 and 469224.
1368
What is the greatest common divisor of 15 and 2358704685?
15
Calculate the greatest common factor of 63052 and 68871.
11
What is the greatest common factor of 11134610 and 490?
10
Calculate the highest common factor of 25 and 448037825.
25
Calculate the highest common factor of 134708 and 4685348.
1132
Calculate the greatest common factor of 264416 and 75488.
32
Calculate the greatest common divisor of 164157 and 22071.
21
Calculate the highest common divisor of 256323 and 1161.
129
Calculate the greatest common divisor of 116952555 and 30.
15
Calculate the highest common factor of 103114 and 156563.
473
What is the greatest common divisor of 4 and 4421114?
2
Calculate the highest common factor of 218 and 212583899.
109
Calculate the greatest common factor of 489 and 2860487.
163
What is the greatest common factor of 8553369 and 957?
33
What is the greatest common divisor of 24 and 291680394?
6
Calculate the highest common factor of 7 and 733453.
7
Calculate the highest common divisor of 152809199 and 58404.
4867
What is the highest common divisor of 5852409 and 129?
3
Calculate the highest common divisor of 2436228 and 5208.
372
Calculate the greatest common divisor of 3478198 and 1714282.
3818
Calculate the highest common divisor of 3148997 and 9780.
163
What is the greatest common factor of 2682 and 328712178?
894
What is the highest common factor of 98 and 1935962?
14
What is the highest common factor of 6828300 and 91854?
486
Calculate the highest common divisor of 4 and 32062892.
4
Calculate the greatest common factor of 960344 and 9464.
56
Calculate the highest common divisor of 2798609 and 808.
101
Calculate the highest common factor of 28850892 and 56.
28
What is the greatest common factor of 1322 and 28572386?
1322
What is the greatest common divisor of 4058 and 15669967?
2029
Calculate the greatest common factor of 1698557283 and 17874.
8937
What is the greatest common factor of 964 and 24375222?
482
What is the highest common divisor of 1302 and 1281726?
186
Calculate the highest common divisor of 1058606272 and 64.
64
What is the greatest common divisor of 294 and 8179962?
294
What is the highest common factor of 242616781 and 1977?
659
What is the highest common divisor of 1687 and 448501?
241
What is the highest common factor of 23273 and 6749?
17
What is the highest common divisor of 34023952 and 8582?
1226
Calculate the greatest common divisor of 5245782 and 543.
3
What is the greatest common divisor of 8941076 and 2408?
172
Calculate the highest common factor of 13943538 and 5292.
882
Calculate the highest common factor of 862691925 and 450.
75
Calculate the highest common divisor of 36406044 and 7584.
948
Calculate the greatest common factor of 149 and 19871087.
149
Calculate the greatest common divisor of 30961623 and 1617.
231
What is the greatest common divisor of 41 and 354218?
1
Calculate the greatest common factor of 629346 and 294.